{"id":123,"date":"2023-02-17T18:23:28","date_gmt":"2023-02-17T18:23:28","guid":{"rendered":"https:\/\/orlandoexpeditionperu.com\/?post_type=product&#038;p=123"},"modified":"2025-07-19T22:28:29","modified_gmt":"2025-07-19T22:28:29","slug":"tour-canon-de-los-perdidos","status":"publish","type":"product","link":"https:\/\/orlandoexpeditionperu.com\/index.php\/producto\/tour-canon-de-los-perdidos\/","title":{"rendered":"TOUR CA\u00d1ON DE LOS PERDIDOS"},"content":{"rendered":"<div class=\"elementor-element elementor-element-2fb391f elementor-widget elementor-widget-heading\" data-id=\"2fb391f\" data-element_type=\"widget\" data-widget_type=\"heading.default\">\n<div class=\"elementor-widget-container\">\n<h3><span style=\"color: #ff9900;\">Tour Ca\u00f1\u00f3n de los Perdidos<\/span><\/h3>\n<p>&nbsp;<\/p>\n<\/div>\n<div class=\"elementor-element elementor-element-2fb391f elementor-widget elementor-widget-heading\" data-id=\"2fb391f\" data-element_type=\"widget\" data-widget_type=\"heading.default\">\n<div class=\"elementor-widget-container\">\n<h4 class=\"elementor-heading-title elementor-size-default\"><span style=\"color: #ffcc00;\">Que Incluye el tour<\/span><\/h4>\n<\/div>\n<\/div>\n<div class=\"elementor-element elementor-element-d2377ed elementor-icon-list--layout-traditional elementor-list-item-link-full_width elementor-widget elementor-widget-icon-list\" data-id=\"d2377ed\" data-element_type=\"widget\" data-widget_type=\"icon-list.default\">\n<div class=\"elementor-widget-container\">\n<p><i class=\"fa-solid fa-check\" style=\"color: #3cfe42;\"><\/i> Recepci\u00f3n de los turistas en la estaci\u00f3n del bus o recojo del hotel.<\/p>\n<p><i class=\"fa-solid fa-check\" style=\"color: #3cfe42;\"><\/i> Movilidad moderna para visitar los puntos descritos en el itinerario.<\/p>\n<p><i class=\"fa-solid fa-check\" style=\"color: #3cfe42;\"><\/i> Todos los tickets de ingreso a los lugares tur\u00edsticos por visitar.<\/p>\n<p><i class=\"fa-solid fa-check\" style=\"color: #3cfe42;\"><\/i> Gu\u00eda profesional acreditado.<\/p>\n<div class=\"elementor-element elementor-element-2fb391f elementor-widget elementor-widget-heading\" data-id=\"2fb391f\" data-element_type=\"widget\" data-widget_type=\"heading.default\">\n<div class=\"elementor-widget-container\">\n<h4 class=\"elementor-heading-title elementor-size-default\"><span style=\"color: #ffcc00;\">No incluye<\/span><\/h4>\n<\/div>\n<\/div>\n<div class=\"elementor-element elementor-element-d2377ed elementor-icon-list--layout-traditional elementor-list-item-link-full_width elementor-widget elementor-widget-icon-list\" data-id=\"d2377ed\" data-element_type=\"widget\" data-widget_type=\"icon-list.default\">\n<div class=\"elementor-widget-container\">\n<p><i class=\"fa-solid fa-xmark\" style=\"color: red;\"><\/i> Tickets de Bus Lima\/Ica o Ica\/Lima.<\/p>\n<p><i class=\"fa-solid fa-xmark\" style=\"color: red;\"><\/i> Hospedaje.<\/p>\n<p><i class=\"fa-solid fa-xmark\" style=\"color: red;\"><\/i> Alimentaci\u00f3n.<\/p>\n<\/div>\n<\/div>\n<\/div>\n<\/div>\n<div class=\"elementor-widget-container\">\n<h4 class=\"elementor-heading-title elementor-size-default\"><span style=\"color: #ffcc00;\">Lo que necesita saber<\/span><\/h4>\n<\/div>\n<\/div>\n<div class=\"elementor-element elementor-element-d2377ed elementor-icon-list--layout-traditional elementor-list-item-link-full_width elementor-widget elementor-widget-icon-list\" data-id=\"d2377ed\" data-element_type=\"widget\" data-widget_type=\"icon-list.default\">\n<div class=\"elementor-widget-container\">\n<p><i class=\"fa-solid fa-tag\" style=\"color: #fea93c;\"><\/i><span class=\"elementor-icon-list-text\"> Servicios en transporte tur\u00edstico en modalidad grupal.<\/span><\/p>\n<p><i class=\"fa-solid fa-tag\" style=\"color: #fea93c;\"><\/i><span class=\"elementor-icon-list-text\"> Grupo de viaje de 08 a 15 personas aproximadamente.<\/span><\/p>\n<p><i class=\"fa-solid fa-tag\" style=\"color: #fea93c;\"><\/i><span class=\"elementor-icon-list-text\"> Asistencia personal de inicio a fin.<\/span><\/p>\n<p><i class=\"fa-solid fa-tag\" style=\"color: #fea93c;\"><\/i><span class=\"elementor-icon-list-text\"> Somos Tour Operador local registrado en Mincetur.<\/span><\/p>\n<\/div>\n<div class=\"elementor-widget-container\">\n<h4 class=\"elementor-heading-title elementor-size-default\" style=\"color: #3ce0fe;\"><span style=\"color: #ffcc00;\">Itinerario<\/span><\/h4>\n<\/div>\n<\/div>\n<div class=\"elementor-element elementor-element-d2377ed elementor-icon-list--layout-traditional elementor-list-item-link-full_width elementor-widget elementor-widget-icon-list\" data-id=\"d2377ed\" data-element_type=\"widget\" data-widget_type=\"icon-list.default\">\n<div class=\"elementor-widget-container\">\n<p><i class=\"fa-solid fa-location-dot\" style=\"color: #fea93c;\"><\/i> <span style=\"color: #ffcc00;\"><strong>Inicio:\u00a0<\/strong><\/span>06:30 Recojo desde su hotel o estaci\u00f3n de bus.<\/p>\n<p><i class=\"fa-solid fa-location-dot\" style=\"color: #fea93c;\"><\/i> <strong><span class=\"elementor-icon-list-text\"><span style=\"color: #ffcc00;\"> Final:<\/span> <\/span><\/strong><span class=\"elementor-icon-list-text\">15:00 hrs en su hotel en Ica o estaci\u00f3n de buses.<\/span><\/p>\n<\/div>\n<p><!--more--><br \/>\n<span style=\"color: #ffcc00;\"><strong>6:3<\/strong><strong>0 am<\/strong>.<\/span> El tour Ca\u00f1\u00f3n de los perdidos inicia con el recojo de nuestros viajeros u hotel en Ica o estaci\u00f3n de bus, luego nos transportaremos hacia el Sur de Ica, durante el trayecto, nuestro conductor realizar\u00e1 una parada en las afueras de Ica, antes de ingresar al desierto. Esto con el fin de realizar compras de bebidas y algunos alimentos para la excursi\u00f3n.<\/p>\n<p><span style=\"color: #ffcc00;\"><strong>07:00 am<\/strong>.<\/span> aprox. Salida al desierto de Ocucaje con destino al Ca\u00f1\u00f3n de los perdidos, nos transportaremos por la Panamericana Sur, para luego tomar el desv\u00edo que nos llevar\u00e1 al Desierto de OCUCAJE, lugar que tambi\u00e9n alberga una gran cantidad de f\u00f3siles marinos con muchos millones de a\u00f1os de antig\u00fcedad, conforme vamos ingresando al desierto por un camino de trocha, pero en buen estado, poco a poco vamos observando la diversidad de cerros con diferentes capas de colores, continuando con el tour durante 2 horas estaremos llegando a la grieta que fue formada por el cauce del r\u00edo y las formas caprichosa que le ha dado la erosi\u00f3n del viento.<\/p>\n<p><span style=\"color: #ffcc00;\"><strong>09:00 am<\/strong><\/span>. Aprox. Llegaremos al Mirador del Ca\u00f1\u00f3n de los Perdidos; donde se observar\u00e1 la gran grieta que muestra su extensi\u00f3n y profundidad, que a su vez sirve de protecci\u00f3n para las aves carro\u00f1eras que son los guardianes de esta zona.<\/p>\n<p>Iniciaremos nuestra caminata por un camino arenoso donde tambi\u00e9n se podr\u00e1 apreciar algunos f\u00f3siles y salitreras que nos conduce hasta los ojos de agua de este gran ca\u00f1\u00f3n de 150 metros de profundidad y 1.5km de extensi\u00f3n, durante la caminata viviremos una aventura inolvidable.<\/p>\n<p><span style=\"color: #ffcc00;\"><strong>11:30 am<\/strong><\/span>. Aprox. Dejaremos el Ca\u00f1\u00f3n y nos trasladaremos a la Ciudad de Ica.<\/p>\n<p><span style=\"color: #ffcc00;\"><strong>12:30pm.<\/strong><\/span>\u00a0Aprox. Realizaremos una parada breve en una vitivin\u00edcola de Piscos y Vinos artesanales, para ofrecer una degustaci\u00f3n a nuestros clientes. Luego tendr\u00e1n unos minutos libres para realizar compras de forma voluntaria. Luego continuaremos nuestra ruta con destino a la Ciudad de Ica.<\/p>\n<p><span style=\"color: #ffcc00;\"><strong>3:00pm<\/strong>\u00a0<\/span>Aprox. Arribo a la Ciudad de Ica.<\/p>\n<p>Finalmente, los pasajeros ser\u00e1n dejados en la comodidad de su hotel o estaci\u00f3n de bus en Ica.<\/p>\n<div class=\"elementor-widget-container\"><\/div>\n<\/div>\n<p>&nbsp;<\/p>\n","protected":false},"excerpt":{"rendered":"<p>En Ica contamos con el ca\u00f1\u00f3n de los perdidos, tiene una extensi\u00f3n de 5 km y se encuentra a 40 km de la localidad de Ocucaje. Fue descubierto en el 2011. \u200b <span style=\"color: #ff9900;\">El ca\u00f1\u00f3n es formado por la erosi\u00f3n del r\u00edo Seco que desemboca en el r\u00edo Ica. En medio del ca\u00f1\u00f3n se encuentra una laguna.<\/span><\/p>\n","protected":false},"featured_media":489,"comment_status":"open","ping_status":"closed","template":"","meta":{"site-sidebar-layout":"default","site-content-layout":"default","ast-global-header-display":"","ast-main-header-display":"","ast-hfb-above-header-display":"","ast-hfb-below-header-display":"","ast-hfb-mobile-header-display":"","site-post-title":"","ast-breadcrumbs-content":"","ast-featured-img":"","footer-sml-layout":"","theme-transparent-header-meta":"disabled","adv-header-id-meta":"","stick-header-meta":"","header-above-stick-meta":"","header-main-stick-meta":"","header-below-stick-meta":"","_joinchat":[]},"product_cat":[25],"product_tag":[28],"_links":{"self":[{"href":"https:\/\/orlandoexpeditionperu.com\/index.php\/wp-json\/wp\/v2\/product\/123"}],"collection":[{"href":"https:\/\/orlandoexpeditionperu.com\/index.php\/wp-json\/wp\/v2\/product"}],"about":[{"href":"https:\/\/orlandoexpeditionperu.com\/index.php\/wp-json\/wp\/v2\/types\/product"}],"replies":[{"embeddable":true,"href":"https:\/\/orlandoexpeditionperu.com\/index.php\/wp-json\/wp\/v2\/comments?post=123"}],"wp:featuredmedia":[{"embeddable":true,"href":"https:\/\/orlandoexpeditionperu.com\/index.php\/wp-json\/wp\/v2\/media\/489"}],"wp:attachment":[{"href":"https:\/\/orlandoexpeditionperu.com\/index.php\/wp-json\/wp\/v2\/media?parent=123"}],"wp:term":[{"taxonomy":"product_cat","embeddable":true,"href":"https:\/\/orlandoexpeditionperu.com\/index.php\/wp-json\/wp\/v2\/product_cat?post=123"},{"taxonomy":"product_tag","embeddable":true,"href":"https:\/\/orlandoexpeditionperu.com\/index.php\/wp-json\/wp\/v2\/product_tag?post=123"}],"curies":[{"name":"wp","href":"https:\/\/api.w.org\/{rel}","templated":true}]}}