{"id":168,"date":"2023-02-17T22:51:11","date_gmt":"2023-02-17T22:51:11","guid":{"rendered":"https:\/\/orlandoexpeditionperu.com\/?post_type=product&#038;p=168"},"modified":"2025-12-29T00:24:01","modified_gmt":"2025-12-29T00:24:01","slug":"tour-nasca-arqueologico-sobrevuelo-lineas-de-nasca","status":"publish","type":"product","link":"https:\/\/orlandoexpeditionperu.com\/index.php\/producto\/tour-nasca-arqueologico-sobrevuelo-lineas-de-nasca\/","title":{"rendered":"TOUR NASCA ARQUEOLOGICO + SOBREVUELO LINEAS DE NASCA"},"content":{"rendered":"<div class=\"elementor-element elementor-element-5485858 elementor-widget elementor-widget-heading\" data-id=\"5485858\" data-element_type=\"widget\" data-widget_type=\"heading.default\">\n<div class=\"elementor-widget-container\">\n<h2 class=\"elementor-heading-title elementor-size-default\"><span style=\"color: #ff9900;\">Tour Arqueol\u00f3gico Nasca + Sobrevuelo a las L\u00edneas de Nasca<\/span><\/h2>\n<\/div>\n<\/div>\n<div class=\"elementor-element elementor-element-c1002bc elementor-widget elementor-widget-heading\" data-id=\"c1002bc\" data-element_type=\"widget\" data-widget_type=\"heading.default\">\n<div class=\"elementor-widget-container\">\n<h3 class=\"elementor-heading-title elementor-size-default\"><span style=\"color: #ffcc00;\">Lo m\u00e1s destacado<\/span><\/h3>\n<\/div>\n<\/div>\n<div class=\"elementor-element elementor-element-22b0712 elementor-icon-list--layout-traditional elementor-list-item-link-full_width elementor-widget elementor-widget-icon-list\" data-id=\"22b0712\" data-element_type=\"widget\" data-widget_type=\"icon-list.default\">\n<div class=\"elementor-widget-container\">\n<p><i class=\"fa-solid fa-tag\" style=\"color: #fea93c;\"><\/i><span class=\"elementor-icon-list-text\">Servicios en Movilidad Grupal con Protocolos de Bioseguridad.<\/span><\/p>\n<p><i class=\"fa-solid fa-tag\" style=\"color: #fea93c;\"><\/i><span class=\"elementor-icon-list-text\">Grupo de viaje con m\u00e1ximo 10 personas.<\/span><\/p>\n<p><i class=\"fa-solid fa-tag\" style=\"color: #fea93c;\"><\/i><span class=\"elementor-icon-list-text\">Asistencia personal de inicio a fin.<\/span><\/p>\n<p><i class=\"fa-solid fa-tag\" style=\"color: #fea93c;\"><\/i><span class=\"elementor-icon-list-text\">Somos Tour Operador local registrado en Mincetur.<\/span><\/p>\n<\/div>\n<\/div>\n<div class=\"elementor-element elementor-element-d5c8146 elementor-widget elementor-widget-spacer\" data-id=\"d5c8146\" data-element_type=\"widget\" data-widget_type=\"spacer.default\">\n<div class=\"elementor-widget-container\"><\/div>\n<\/div>\n<div class=\"elementor-element elementor-element-782b751 elementor-widget elementor-widget-heading\" data-id=\"782b751\" data-element_type=\"widget\" data-widget_type=\"heading.default\">\n<div class=\"elementor-widget-container\">\n<h3 class=\"elementor-heading-title elementor-size-default\"><span style=\"color: #ffcc00;\">Itinerario<\/span><\/h3>\n<\/div>\n<\/div>\n<div class=\"elementor-element elementor-element-ca64eac elementor-icon-list--layout-traditional elementor-list-item-link-full_width elementor-widget elementor-widget-icon-list\" data-id=\"ca64eac\" data-element_type=\"widget\" data-widget_type=\"icon-list.default\">\n<div class=\"elementor-widget-container\">\n<p><i class=\"fa-solid fa-location-dot\" style=\"color: #fea93c;\"><\/i> <span style=\"color: #ffcc00;\"><strong>Inicio:\u00a0<\/strong><\/span>06:30 Recojo desde su hotel o estaci\u00f3n de bus.<\/p>\n<p><i class=\"fa-solid fa-location-dot\" style=\"color: #fea93c;\"><\/i> <strong><span class=\"elementor-icon-list-text\"><span style=\"color: #ffcc00;\"> Final:<\/span> <\/span><\/strong><span class=\"elementor-icon-list-text\">\u00a006:30 Recojo desde su hotel o estaci\u00f3n de bus.<\/span><\/p>\n<\/div>\n<\/div>\n<div class=\"elementor-element elementor-element-a7bc5c2 color-scheme-inherit text-left elementor-widget elementor-widget-text-editor\" data-id=\"a7bc5c2\" data-element_type=\"widget\" data-widget_type=\"text-editor.default\">\n<div class=\"elementor-widget-container\">\n<div class=\"elementor-text-editor elementor-clearfix\">\n<p><span style=\"color: #ffcc00;\"><strong>06:30 hrs<\/strong><\/span>\u00a0Recogeremos a nuestros pasajeros en su hospedaje en Ica y los trasladaremos hacia la ciudad de Nasca la cual se encuentra a 02 horas al sur de Ica.<\/p>\n<p>En este emocionante tour empezaremos visitando los sitios tur\u00edsticos que se encuentran en la carretera camino a la Ciudad de Nasca. Conoceremos la famosa \u201cCara del Inca\u201d, la cu\u00e1l es una formaci\u00f3n rocosa natural con el aspecto de un rostro Inca.<\/p>\n<p>Mas adelante visitaremos el \u201cMuseo Mar\u00eda Reiche\u201d, en el cual explicaremos la biograf\u00eda y logros de la Dra. Mar\u00eda Reiche, quien en vida fue la mujer que dedic\u00f3 la mayor parte de su vida al estudio y conservaci\u00f3n de las L\u00edneas de Nasca. Tambi\u00e9n podremos observar restos de cer\u00e1micas originales y una momia en muy buen estado de conservaci\u00f3n.<\/p>\n<p>Luego visitaremos el \u201cMirador Met\u00e1lico Mar\u00eda Reiche\u201d, debido que fue ella quien mando a construir este mirador. En este mirador observaremos algunos geoglifos como Las Manos, el \u00c1rbol y el Lagarto.<\/p>\n<p><strong><span style=\"color: #ffcc00;\">11:00hrs<\/span>\u00a0<\/strong>Finalmente llegaremos a Nasca, donde visitaremos el Aer\u00f3dromo de Nasca, aqu\u00ed nuestros pasajeros podr\u00e1n visualizar un video introductorio a la historia de Nasca y su cultura, seguidamente haremos el check in y procederemos a sobrevolar las Enigm\u00e1ticas \u201cL\u00edneas de Nasca\u201d.<\/p>\n<p><strong><span style=\"color: #ffcc00;\">12:15 hrs<\/span>\u00a0<\/strong>Mas adelante visitaremos la fortaleza Inca \u201cParedones\u201d, llamada as\u00ed por sus altas paredes y muros hechos en material de Adobe. Seguidamente conoceremos los \u201cAcueductos de Cantalloc\u201d, los cuales serv\u00edan como fuente de agua natural. Los acueductos son t\u00faneles subterr\u00e1neos hechos por los Nasca, eran usados para irrigar campos de cultivos y para el uso cotidiano de las personas. Estos acueductos siguen funcionando hasta la actualidad.<\/p>\n<p><strong><span style=\"color: #ffcc00;\">13:45 hrs<\/span>\u00a0<\/strong>Ofreceremos un tiempo libre a nuestros pasajeros para poder almorzar en un restaurante tur\u00edstico del centro de Nasca. Finalmente retornaremos a la Ciudad de Ica.<\/p>\n<p><strong><span style=\"color: #ffcc00;\">14:30 hrs<\/span>\u00a0<\/strong>Despu\u00e9s nos dirigiremos al centro de Nasca a conocer los \u201cTalleres Artesanales de Textiler\u00eda y Cer\u00e1mica\u201d, donde tendremos una peque\u00f1a clase sobre c\u00f3mo se elaboraban estas tradicionales t\u00e9cnicas que a\u00fan con el paso del tiempo, se siguen conservando.<\/p>\n<p><strong><span style=\"color: #ffcc00;\">17:30 hrs<\/span>\u00a0<\/strong>Arribaremos a la ciudad de Ica y trasladaremos a nuestros pasajeros a sus respectivos hoteles en Ica.<\/p>\n<\/div>\n<\/div>\n<\/div>\n<div class=\"elementor-element elementor-element-a9b0eff elementor-widget elementor-widget-heading\" data-id=\"a9b0eff\" data-element_type=\"widget\" data-widget_type=\"heading.default\">\n<div class=\"elementor-widget-container\">\n<h3 class=\"elementor-heading-title elementor-size-default\"><span style=\"color: #ff9900;\">Inclusiones<\/span><\/h3>\n<\/div>\n<\/div>\n<section class=\"wd-negative-gap elementor-section elementor-inner-section elementor-element elementor-element-0ee9d37 elementor-section-boxed elementor-section-height-default elementor-section-height-default wd-section-disabled\" data-id=\"0ee9d37\" data-element_type=\"section\" data-settings=\"{&quot;jet_parallax_layout_list&quot;:[]}\">\n<div class=\"elementor-container elementor-column-gap-default\">\n<div class=\"elementor-row\">\n<div class=\"elementor-column elementor-col-50 elementor-inner-column elementor-element elementor-element-baf6fa3\" data-id=\"baf6fa3\" data-element_type=\"column\">\n<div class=\"elementor-column-wrap elementor-element-populated\">\n<div class=\"elementor-widget-wrap\">\n<div class=\"elementor-element elementor-element-7da7279 elementor-widget elementor-widget-heading\" data-id=\"7da7279\" data-element_type=\"widget\" data-widget_type=\"heading.default\">\n<div class=\"elementor-widget-container\">\n<h4 class=\"elementor-heading-title elementor-size-default\"><span style=\"color: #ffcc00;\">Incluye:<\/span><\/h4>\n<\/div>\n<\/div>\n<div class=\"elementor-element elementor-element-b42b5ce elementor-list-item-link-full_width elementor-widget elementor-widget-icon-list\" data-id=\"b42b5ce\" data-element_type=\"widget\" data-widget_type=\"icon-list.default\">\n<div class=\"elementor-widget-container\">\n<p><i class=\"fa-solid fa-check\" style=\"color: #3cfe42;\"><\/i><span class=\"elementor-icon-list-text\">Transporte desde Ica a Nasca<\/span><\/p>\n<p><i class=\"fa-solid fa-check\" style=\"color: #3cfe42;\"><\/i><span class=\"elementor-icon-list-text\">Gu\u00eda profesional acreditado<\/span><\/p>\n<p><i class=\"fa-solid fa-check\" style=\"color: #3cfe42;\"><\/i><span class=\"elementor-icon-list-text\">Entradas e impuestos<\/span><\/p>\n<p><i class=\"fa-solid fa-check\" style=\"color: #3cfe42;\"><\/i><span class=\"elementor-icon-list-text\">Visita a la formaci\u00f3n rocosa \u201cLa Cara del Inca\u201d.<\/span><\/p>\n<p><i class=\"fa-solid fa-check\" style=\"color: #3cfe42;\"><\/i><span class=\"elementor-icon-list-text\">Visita al Museo Mar\u00eda Reiche<\/span><\/p>\n<p><i class=\"fa-solid fa-check\" style=\"color: #3cfe42;\"><\/i><span class=\"elementor-icon-list-text\">Visita al Mirador Met\u00e1lico Mar\u00eda Reiche<\/span><\/p>\n<p><i class=\"fa-solid fa-check\" style=\"color: #3cfe42;\"><\/i><span class=\"elementor-icon-list-text\">Traslado al aer\u00f3dromo y sobrevuelo a las L\u00edneas de Nasca<\/span><\/p>\n<p><i class=\"fa-solid fa-check\" style=\"color: #3cfe42;\"><\/i><span class=\"elementor-icon-list-text\">Visita a la Fortaleza Inca \u201cLos Paredones\u201d<\/span><\/p>\n<p><i class=\"fa-solid fa-check\" style=\"color: #3cfe42;\"><\/i><span class=\"elementor-icon-list-text\">Visita a los Acueductos de Cantalloc<\/span><\/p>\n<p><i class=\"fa-solid fa-check\" style=\"color: #3cfe42;\"><\/i><span class=\"elementor-icon-list-text\">Visita a los Talleres Artesanales de Textiler\u00eda y Cer\u00e1mica<\/span><\/p>\n<p><i class=\"fa-solid fa-check\" style=\"color: #3cfe42;\"><\/i><span class=\"elementor-icon-list-text\">Tiempo libre para almorzar (opcional)<\/span><\/p>\n<p><i class=\"fa-solid fa-check\" style=\"color: #3cfe42;\"><\/i><span class=\"elementor-icon-list-text\">Transporte desde Nasca a Ica<\/span><\/p>\n<\/div>\n<\/div>\n<\/div>\n<\/div>\n<\/div>\n<div class=\"elementor-column elementor-col-50 elementor-inner-column elementor-element elementor-element-1fb8a5a\" data-id=\"1fb8a5a\" data-element_type=\"column\">\n<div class=\"elementor-column-wrap elementor-element-populated\">\n<div class=\"elementor-widget-wrap\">\n<div class=\"elementor-element elementor-element-425ec1d elementor-widget elementor-widget-heading\" data-id=\"425ec1d\" data-element_type=\"widget\" data-widget_type=\"heading.default\">\n<div class=\"elementor-widget-container\">\n<h4 class=\"elementor-heading-title elementor-size-default\"><span style=\"color: #ffcc00;\">No incluye:<\/span><\/h4>\n<\/div>\n<\/div>\n<div class=\"elementor-element elementor-element-343ee2d elementor-icon-list--layout-traditional elementor-list-item-link-full_width elementor-widget elementor-widget-icon-list\" data-id=\"343ee2d\" data-element_type=\"widget\" data-widget_type=\"icon-list.default\">\n<div class=\"elementor-widget-container\">\n<p><span class=\"elementor-icon-list-text\">Tickets de Bus Lima\/Ica o Ica\/Lima<\/span><\/p>\n<p><i class=\"fa-solid fa-xmark\" style=\"color: red;\"><\/i><span class=\"elementor-icon-list-text\">Hospedaje<\/span><\/p>\n<p><i class=\"fa-solid fa-xmark\" style=\"color: red;\"><\/i><span class=\"elementor-icon-list-text\">Alimentaci\u00f3n<\/span><\/p>\n<p><i class=\"fa-solid fa-xmark\" style=\"color: red;\"><\/i><span class=\"elementor-icon-list-text\">Tasa de Impuesto Aeroportuaria $10USD<\/span><\/p>\n<p><i class=\"fa-solid fa-xmark\" style=\"color: red;\"><\/i><span class=\"elementor-icon-list-text\">Boleto tur\u00edstico L\u00edneas de Nasca S\/47.00 soles por persona<\/span><\/p>\n<\/div>\n<\/div>\n<\/div>\n<\/div>\n<\/div>\n<\/div>\n<\/div>\n<\/section>\n<div class=\"elementor-element elementor-element-6cad8e3 elementor-widget elementor-widget-spacer\" data-id=\"6cad8e3\" data-element_type=\"widget\" data-widget_type=\"spacer.default\">\n<div class=\"elementor-widget-container\"><\/div>\n<\/div>\n<div class=\"elementor-element elementor-element-5613621 elementor-widget elementor-widget-heading\" data-id=\"5613621\" data-element_type=\"widget\" data-widget_type=\"heading.default\">\n<div class=\"elementor-widget-container\">\n<h3 class=\"elementor-heading-title elementor-size-default\"><span style=\"color: #ff9900;\">Recomendaciones<\/span><\/h3>\n<\/div>\n<\/div>\n<div class=\"elementor-element elementor-element-b634711 color-scheme-inherit text-left elementor-widget elementor-widget-text-editor\" data-id=\"b634711\" data-element_type=\"widget\" data-widget_type=\"text-editor.default\">\n<div class=\"elementor-widget-container\">\n<div class=\"elementor-text-editor elementor-clearfix\">\n<p>Sombrero, gafas de sol y bloqueador.<\/p>\n<p>Traer siempre consigo un poco de dinero extra en efectivo, en algunos lugares no hay cobertura y no hay uso de POS para tarjetas.<\/p>\n<p>Indicar si retorna a la ciudad de Ica o se queda en Nasca.<\/p>\n<\/div>\n<\/div>\n<\/div>\n","protected":false},"excerpt":{"rendered":"<p>Nasca est\u00e1 ubicada a 02 Horas al sur de Ica, es una ciudad muy activa debido a la gran afluencia de visitantes que <span style=\"color: #ff9900;\">llegan a diario a conocer las\u00a0<strong>L\u00edneas de Nazca<\/strong>\u00a0y tambi\u00e9n por sus incre\u00edbles atractivos tur\u00edsticos de la \u00e9poca Inca<\/span>.<\/p>\n","protected":false},"featured_media":169,"comment_status":"open","ping_status":"closed","template":"","meta":{"site-sidebar-layout":"default","site-content-layout":"default","ast-global-header-display":"","ast-main-header-display":"","ast-hfb-above-header-display":"","ast-hfb-below-header-display":"","ast-hfb-mobile-header-display":"","site-post-title":"","ast-breadcrumbs-content":"","ast-featured-img":"","footer-sml-layout":"","theme-transparent-header-meta":"default","adv-header-id-meta":"","stick-header-meta":"","header-above-stick-meta":"","header-main-stick-meta":"","header-below-stick-meta":"","_joinchat":[]},"product_cat":[27],"product_tag":[33,37],"_links":{"self":[{"href":"https:\/\/orlandoexpeditionperu.com\/index.php\/wp-json\/wp\/v2\/product\/168"}],"collection":[{"href":"https:\/\/orlandoexpeditionperu.com\/index.php\/wp-json\/wp\/v2\/product"}],"about":[{"href":"https:\/\/orlandoexpeditionperu.com\/index.php\/wp-json\/wp\/v2\/types\/product"}],"replies":[{"embeddable":true,"href":"https:\/\/orlandoexpeditionperu.com\/index.php\/wp-json\/wp\/v2\/comments?post=168"}],"wp:featuredmedia":[{"embeddable":true,"href":"https:\/\/orlandoexpeditionperu.com\/index.php\/wp-json\/wp\/v2\/media\/169"}],"wp:attachment":[{"href":"https:\/\/orlandoexpeditionperu.com\/index.php\/wp-json\/wp\/v2\/media?parent=168"}],"wp:term":[{"taxonomy":"product_cat","embeddable":true,"href":"https:\/\/orlandoexpeditionperu.com\/index.php\/wp-json\/wp\/v2\/product_cat?post=168"},{"taxonomy":"product_tag","embeddable":true,"href":"https:\/\/orlandoexpeditionperu.com\/index.php\/wp-json\/wp\/v2\/product_tag?post=168"}],"curies":[{"name":"wp","href":"https:\/\/api.w.org\/{rel}","templated":true}]}}