{"id":18,"date":"2023-02-17T07:00:46","date_gmt":"2023-02-17T07:00:46","guid":{"rendered":"https:\/\/orlandoexpeditionperu.com\/index.php\/producto\/hoodie-with-logo\/"},"modified":"2025-10-06T05:22:05","modified_gmt":"2025-10-06T05:22:05","slug":"hoodie-with-logo","status":"publish","type":"product","link":"https:\/\/orlandoexpeditionperu.com\/index.php\/producto\/hoodie-with-logo\/","title":{"rendered":"CARROS ARENEROS HUACACHINA <br> <br>"},"content":{"rendered":"<div class=\"elementor-element elementor-element-11d3768 elementor-widget elementor-widget-heading\" data-id=\"11d3768\" data-element_type=\"widget\" data-widget_type=\"heading.default\">\n<div class=\"elementor-widget-container\">\n<h3 class=\"elementor-heading-title elementor-size-default\"><span style=\"color: #ffcc00;\">Lo m\u00e1s destacado<\/span><\/h3>\n<\/div>\n<\/div>\n<div class=\"elementor-element elementor-element-dd140a5 elementor-icon-list--layout-traditional elementor-list-item-link-full_width elementor-widget elementor-widget-icon-list\" data-id=\"dd140a5\" data-element_type=\"widget\" data-widget_type=\"icon-list.default\">\n<div class=\"elementor-widget-container\">\n<p><i class=\"fa-solid fa-tag\" style=\"color: #fea93c;\"><\/i><span class=\"elementor-icon-list-text\">Servicios en movilidad Grupal con Protocolos de Bioseguridad.<\/span><\/p>\n<p><i class=\"fa-solid fa-tag\" style=\"color: #fea93c;\"><\/i><span class=\"elementor-icon-list-text\">Grupo de viaje con m\u00e1ximo 10 personas.<\/span><\/p>\n<p><i class=\"fa-solid fa-tag\" style=\"color: #fea93c;\"><\/i><span class=\"elementor-icon-list-text\">Asistencia personal de inicio a fin.<\/span><i class=\"far fa-dot-circle\" aria-hidden=\"true\"><\/i><\/p>\n<\/div>\n<\/div>\n<div class=\"elementor-element elementor-element-57ca710 elementor-widget elementor-widget-heading\" data-id=\"57ca710\" data-element_type=\"widget\" data-widget_type=\"heading.default\">\n<div class=\"elementor-widget-container\">\n<h3 class=\"elementor-heading-title elementor-size-default\"><span style=\"color: #ffcc00;\">Itinerario<\/span><\/h3>\n<\/div>\n<\/div>\n<div class=\"elementor-element elementor-element-59702c0 elementor-icon-list--layout-traditional elementor-list-item-link-full_width elementor-widget elementor-widget-icon-list\" data-id=\"59702c0\" data-element_type=\"widget\" data-widget_type=\"icon-list.default\">\n<div class=\"elementor-widget-container\">\n<p><i class=\"fa-solid fa-location-dot\" style=\"color: #fea93c;\"><\/i> <span style=\"color: #ffcc00;\"><strong>Inicio:\u00a0<\/strong><\/span>Hora acordada &#8211; recojo desde su hotel o estaci\u00f3n de bus.<\/p>\n<p><i class=\"fa-solid fa-location-dot\" style=\"color: #fea93c;\"><\/i> <strong><span class=\"elementor-icon-list-text\"><span style=\"color: #ffcc00;\"> Final:<\/span> <\/span><\/strong><span class=\"elementor-icon-list-text\">Hora acordada en su hotel en Ica o estaci\u00f3n de bus.<\/span><\/p>\n<\/div>\n<\/div>\n<div class=\"elementor-element elementor-element-09ceac0 color-scheme-inherit text-left elementor-widget elementor-widget-text-editor\" data-id=\"09ceac0\" data-element_type=\"widget\" data-widget_type=\"text-editor.default\">\n<div class=\"elementor-widget-container\">\n<div class=\"elementor-text-editor elementor-clearfix\">\n<p>El Tour inicia con el recojo de nuestros pasajeros desde su hotel o estaci\u00f3n de bus en\u00a0Ica\u00a0a la hora programada.<\/p>\n<p>Nos trasladaremos hacia el\u00a0Oasis de Huacachina, que se encuentra a 10 minutos del centro de Ica. Una vez llegado al Oasis, escalaremos a pie un peque\u00f1o m\u00e9dano de Arena, para poder llegar hasta el terrapuerto de\u00a0Carros Areneros o Buggys. Nos comprometemos en brindar todas las medidas de\u00a0seguridad\u00a0para que este paseo sea de lo mas seguro posible. A partir de aqu\u00ed, nuestro conductor del Buggy ser\u00e1 su gu\u00eda en esta traves\u00eda por el desierto.<\/p>\n<p>El\u00a0carro arenero\u00a0ir\u00e1 atravesando gran parte del desierto subiendo y bajando por las magnificas dunas de Ica.<\/p>\n<p>Nuestro conductor profesional realizar\u00e1 diferentes paradas para que nuestros clientes puedan disfrutar del paisaje, tanto como para que puedan tomar fotograf\u00edas.<\/p>\n<p>Ser\u00e1 nuestro conductor quien les facilite las tablas de Sandboarding y cerillos (la cera se le hecha a la tabla para que pueda resbalar en la arena) para poder practicar el tradicional\u00a0Sandboarding.<\/p>\n<p>Luego conduciremos nuestro veh\u00edculo hacia la cima de una gran duna en donde nuestro gu\u00eda\/conductor les explicar\u00e1 como practicar el deporte de\u00a0Sandboarding.<\/p>\n<p>Una vez en la cima podr\u00e1n deslizarse hasta donde termina la Duna, podr\u00e1n gritar todo lo que puedan y tambi\u00e9n podr\u00e1n tomarse muchas fotos.<\/p>\n<p>Finalmente retornaremos al\u00a0Oasis de\u00a0Huacachina, abordaremos la movilidad y el pasajero ser\u00e1 dejado en su hotel o en la estaci\u00f3n de bus de Ica.<\/p>\n<\/div>\n<\/div>\n<\/div>\n<div class=\"elementor-element elementor-element-d349865 elementor-widget elementor-widget-spacer\" data-id=\"d349865\" data-element_type=\"widget\" data-widget_type=\"spacer.default\">\n<div class=\"elementor-widget-container\">\n<div class=\"elementor-spacer\">\n<div class=\"elementor-spacer-inner\"><\/div>\n<\/div>\n<\/div>\n<\/div>\n<div class=\"elementor-element elementor-element-73b5a8a elementor-widget elementor-widget-heading\" data-id=\"73b5a8a\" data-element_type=\"widget\" data-widget_type=\"heading.default\">\n<div class=\"elementor-widget-container\">\n<h3 class=\"elementor-heading-title elementor-size-default\"><span style=\"color: #ffcc00;\">Inclusiones<\/span><\/h3>\n<\/div>\n<\/div>\n<section class=\"wd-negative-gap elementor-section elementor-inner-section elementor-element elementor-element-516687e elementor-section-boxed elementor-section-height-default elementor-section-height-default wd-section-disabled\" data-id=\"516687e\" data-element_type=\"section\" data-settings=\"{&quot;jet_parallax_layout_list&quot;:[]}\">\n<div class=\"elementor-container elementor-column-gap-default\">\n<div class=\"elementor-row\">\n<div class=\"elementor-column elementor-col-100 elementor-inner-column elementor-element elementor-element-0a42f05\" data-id=\"0a42f05\" data-element_type=\"column\">\n<div class=\"elementor-column-wrap elementor-element-populated\">\n<div class=\"elementor-widget-wrap\">\n<div class=\"elementor-element elementor-element-91be7b9 elementor-widget elementor-widget-heading\" data-id=\"91be7b9\" data-element_type=\"widget\" data-widget_type=\"heading.default\">\n<div class=\"elementor-widget-container\">\n<h4 class=\"elementor-heading-title elementor-size-default\"><span style=\"color: #ffcc00;\">Incluye:<\/span><\/h4>\n<\/div>\n<\/div>\n<div class=\"elementor-element elementor-element-0429213 elementor-icon-list--layout-traditional elementor-list-item-link-full_width elementor-widget elementor-widget-icon-list\" data-id=\"0429213\" data-element_type=\"widget\" data-widget_type=\"icon-list.default\">\n<div class=\"elementor-widget-container\">\n<p><i class=\"fa-solid fa-check\" style=\"color: #3cfe42;\"><\/i><span class=\"elementor-icon-list-text\">Recepci\u00f3n de los turistas en la estaci\u00f3n del bus o recojo del hotel<\/span><\/p>\n<p><i class=\"fa-solid fa-check\" style=\"color: #3cfe42;\"><\/i><span class=\"elementor-icon-list-text\">Movilidad para visitar los puntos descritos en el itinerario<\/span><\/p>\n<p><i class=\"fa-solid fa-check\" style=\"color: #3cfe42;\"><\/i><span class=\"elementor-icon-list-text\">Paseo en buggies tubulares y pr\u00e1ctica de sandboard en Huacachina<\/span><\/p>\n<p><i class=\"fa-solid fa-check\" style=\"color: #3cfe42;\"><\/i><span class=\"elementor-icon-list-text\">Traslado a la estaci\u00f3n del bus o al hotel, al finalizar el tour<\/span><\/p>\n<\/div>\n<\/div>\n<div class=\"elementor-element elementor-element-28814fa elementor-widget elementor-widget-heading\" data-id=\"28814fa\" data-element_type=\"widget\" data-widget_type=\"heading.default\">\n<div class=\"elementor-widget-container\">\n<h4 class=\"elementor-heading-title elementor-size-default\"><span style=\"color: #ffcc00;\">No incluye:<\/span><\/h4>\n<\/div>\n<\/div>\n<div class=\"elementor-element elementor-element-6779736 elementor-icon-list--layout-traditional elementor-list-item-link-full_width elementor-widget elementor-widget-icon-list\" data-id=\"6779736\" data-element_type=\"widget\" data-widget_type=\"icon-list.default\">\n<div class=\"elementor-widget-container\">\n<p><i class=\"fa-solid fa-xmark\" style=\"color: red;\"><\/i><span class=\"elementor-icon-list-text\">Tickets de Bus Lima\/Ica o Ica\/Lima<\/span><\/p>\n<p><i class=\"fa-solid fa-xmark\" style=\"color: red;\"><\/i><span class=\"elementor-icon-list-text\">Hospedaje<\/span><\/p>\n<p><i class=\"fa-solid fa-xmark\" style=\"color: red;\"><\/i><span class=\"elementor-icon-list-text\">Alimentaci\u00f3n<\/span><\/p>\n<p><i class=\"fa-solid fa-xmark\" style=\"color: red;\"><\/i><span class=\"elementor-icon-list-text\">Ticket tur\u00edstico al desierto de Huacachina de S\/3.60 soles por persona.<\/span><\/p>\n<\/div>\n<\/div>\n<\/div>\n<\/div>\n<\/div>\n<\/div>\n<\/div>\n<\/section>\n<div class=\"elementor-element elementor-element-983ff9a elementor-widget elementor-widget-spacer\" data-id=\"983ff9a\" data-element_type=\"widget\" data-widget_type=\"spacer.default\">\n<div class=\"elementor-widget-container\">\n<div class=\"elementor-spacer\">\n<div class=\"elementor-spacer-inner\"><\/div>\n<\/div>\n<\/div>\n<\/div>\n<div class=\"elementor-element elementor-element-0b9d07e elementor-widget elementor-widget-heading\" data-id=\"0b9d07e\" data-element_type=\"widget\" data-widget_type=\"heading.default\">\n<div class=\"elementor-widget-container\">\n<h3 class=\"elementor-heading-title elementor-size-default\"><span style=\"color: #ffcc00;\">Recomendaciones<\/span><\/h3>\n<\/div>\n<\/div>\n<div class=\"elementor-element elementor-element-8184222 color-scheme-inherit text-left elementor-widget elementor-widget-text-editor\" data-id=\"8184222\" data-element_type=\"widget\" data-widget_type=\"text-editor.default\">\n<div class=\"elementor-widget-container\">\n<div class=\"elementor-text-editor elementor-clearfix\">\n<p>Uso Obligatorio de Mascarilla.<\/p>\n<p>Portar alcohol desinfectante, de preferencia de 70\u00b0.<\/p>\n<p>Sombrero, gafas de sol y bloqueador.<\/p>\n<p>Traer siempre consigo un poco de dinero extra en efectivo, en algunos lugares no hay cobertura y no hay uso de POS para tarjetas.<\/p>\n<p>Solo en el horario de las 4:00pm ofreceremos el tour de buggies y sandboarding por 02 horas, con vista al atardecer.<\/p>\n<\/div>\n<\/div>\n<\/div>\n","protected":false},"excerpt":{"rendered":"<p>Experiencia fuera de lo com\u00fan en el desierto de Huacachina,Ica-Per\u00fa \ud83c\udfdc\ud83c\udfbf<\/p>\n<p>Saltar en un buggy, y emprender el camino de la aventura.<\/p>\n<p>Te llevaremos en un viaje a la puesta del sol en el desierto en buggy por 2 horas, donde tendr\u00e1 la oportunidad de disfrutar de este momento y tomar algunas fotos sorprendentes como la puesta del sol sobre las dunas de Huacachina.<\/p>\n","protected":false},"featured_media":20,"comment_status":"open","ping_status":"closed","template":"","meta":{"site-sidebar-layout":"default","site-content-layout":"default","ast-global-header-display":"","ast-main-header-display":"","ast-hfb-above-header-display":"","ast-hfb-below-header-display":"","ast-hfb-mobile-header-display":"","site-post-title":"","ast-breadcrumbs-content":"","ast-featured-img":"","footer-sml-layout":"","theme-transparent-header-meta":"default","adv-header-id-meta":"","stick-header-meta":"","header-above-stick-meta":"","header-main-stick-meta":"","header-below-stick-meta":"","_joinchat":[]},"product_cat":[25],"product_tag":[20,21,22],"_links":{"self":[{"href":"https:\/\/orlandoexpeditionperu.com\/index.php\/wp-json\/wp\/v2\/product\/18"}],"collection":[{"href":"https:\/\/orlandoexpeditionperu.com\/index.php\/wp-json\/wp\/v2\/product"}],"about":[{"href":"https:\/\/orlandoexpeditionperu.com\/index.php\/wp-json\/wp\/v2\/types\/product"}],"replies":[{"embeddable":true,"href":"https:\/\/orlandoexpeditionperu.com\/index.php\/wp-json\/wp\/v2\/comments?post=18"}],"wp:featuredmedia":[{"embeddable":true,"href":"https:\/\/orlandoexpeditionperu.com\/index.php\/wp-json\/wp\/v2\/media\/20"}],"wp:attachment":[{"href":"https:\/\/orlandoexpeditionperu.com\/index.php\/wp-json\/wp\/v2\/media?parent=18"}],"wp:term":[{"taxonomy":"product_cat","embeddable":true,"href":"https:\/\/orlandoexpeditionperu.com\/index.php\/wp-json\/wp\/v2\/product_cat?post=18"},{"taxonomy":"product_tag","embeddable":true,"href":"https:\/\/orlandoexpeditionperu.com\/index.php\/wp-json\/wp\/v2\/product_tag?post=18"}],"curies":[{"name":"wp","href":"https:\/\/api.w.org\/{rel}","templated":true}]}}