{"id":379,"date":"2023-03-05T17:21:39","date_gmt":"2023-03-05T17:21:39","guid":{"rendered":"https:\/\/orlandoexpeditionperu.com\/?post_type=product&#038;p=379"},"modified":"2023-03-12T07:14:21","modified_gmt":"2023-03-12T07:14:21","slug":"cuatrimotos-huacachina","status":"publish","type":"product","link":"https:\/\/orlandoexpeditionperu.com\/index.php\/producto\/cuatrimotos-huacachina\/","title":{"rendered":"CUATRIMOTOS HUACACHINA"},"content":{"rendered":"<p>Antes de iniciar el recorrido se dar\u00e1 recomendaciones e instrucciones de seguridad de c\u00f3mo manejar las cuatrimotos. Todas son autom\u00e1ticas y f\u00e1ciles de maniobrar.<\/p>\n<p>Luego, cada participante abordar\u00e1 una moto e ir\u00e1n siguiendo a nuestro gu\u00eda que marcar\u00e1 el camino a seguir.<\/p>\n<p>Nuestro tour comienza a orillas de la Laguna de Huacachina, enrumb\u00e1ndonos a 10 km del desierto, aqu\u00ed encontraremos una gran variedad de dunas y sentir\u00e1s la adrenalina que se vive en cada traves\u00eda.<\/p>\n<p>Nuestro gu\u00eda profesional har\u00e1 diferentes paradas para que nuestros pasajeros puedan apreciar el bello paisaje y tomar fotograf\u00edas, sin dejar de lado la adrenalina de ir a bordo de una cuatrimoto.<\/p>\n<p>Despu\u00e9s de 01 hora de aventura, retornaremos a la Laguna Huacachina para dar fin a nuestro servicio.<\/p>\n<h4 class=\"elementor-heading-title elementor-size-default\"><span style=\"color: #ffcc00;\">Incluye:<\/span><\/h4>\n<p><i class=\"fa-solid fa-check\" style=\"color: #3cfe42;\"><\/i> Tour de Aventura<br \/>\n<i class=\"fa-solid fa-check\" style=\"color: #3cfe42;\"><\/i> Recojo del Hotel (Huacachina)<br \/>\n<i class=\"fa-solid fa-check\" style=\"color: #3cfe42;\"><\/i> Cuatrimoto<br \/>\n<i class=\"fa-solid fa-check\" style=\"color: #3cfe42;\"><\/i> Casco de seguridad<br \/>\n<i class=\"fa-solid fa-check\" style=\"color: #3cfe42;\"><\/i> Gu\u00eda profesional<\/p>\n<h4 class=\"elementor-heading-title elementor-size-default\"><span style=\"color: #ffcc00;\">No incluye:<\/span><\/h4>\n<p><i class=\"fa-solid fa-xmark\" style=\"color: red;\"><\/i>Entrada Tur\u00edstica (S\/. 4.00 por persona)<br \/>\n<i class=\"fa-solid fa-xmark\" style=\"color: red;\"><\/i>Gastos Adicionales<\/p>\n<h3 class=\"elementor-heading-title elementor-size-default\"><span style=\"color: #ffcc00;\"><strong>Tips de Recomendaci\u00f3n:<\/strong><\/span><\/h3>\n<p>Lentes para sol<br \/>\nProtector Solar<br \/>\nRepelente para insectos<br \/>\nRopa ligera<br \/>\nZapatillas<br \/>\nAgua<br \/>\nC\u00e1mara fotogr\u00e1fica (de preferencia mantenerla en su estuche en el trayecto, hasta que el buggy realice las paradas para las fotos).<br \/>\nNo existe cobertura de celular dentro del desierto<\/p>\n<h3 class=\"elementor-heading-title elementor-size-default\"><span style=\"color: #ffcc00;\"><strong>NOTA:<\/strong><\/span><\/h3>\n<p>Los horarios de salida para las cuatrimotos, var\u00edan de acuerdo a la disponibilidad.<br \/>\nEsta actividad es apta s\u00f3lo para mayores de 18 a\u00f1os (seg\u00fan leyes locales)<\/p>\n","protected":false},"excerpt":{"rendered":"<p>S\u00e9 part\u00edcipe de uno de los desiertos m\u00e1s hermosos del Per\u00fa, y quedar\u00e1s impresionado de la aventura fascinante que vivir\u00e1s abordo de m\u00e1quinas, especialmente dise\u00f1adas para la diversi\u00f3n.<\/p>\n<p>Huacachina ofrece unos de los paisajes des\u00e9rticos m\u00e1s bellos de Sudam\u00e9rica, con formaciones caprichosas de arena esculpidas por el viento, y con una bella vista de nuestros Andes peruanos en la parte este.<\/p>\n","protected":false},"featured_media":381,"comment_status":"open","ping_status":"closed","template":"","meta":{"site-sidebar-layout":"default","site-content-layout":"default","ast-global-header-display":"","ast-main-header-display":"","ast-hfb-above-header-display":"","ast-hfb-below-header-display":"","ast-hfb-mobile-header-display":"","site-post-title":"","ast-breadcrumbs-content":"","ast-featured-img":"","footer-sml-layout":"","theme-transparent-header-meta":"default","adv-header-id-meta":"","stick-header-meta":"","header-above-stick-meta":"","header-main-stick-meta":"","header-below-stick-meta":"","_joinchat":[]},"product_cat":[25],"product_tag":[],"_links":{"self":[{"href":"https:\/\/orlandoexpeditionperu.com\/index.php\/wp-json\/wp\/v2\/product\/379"}],"collection":[{"href":"https:\/\/orlandoexpeditionperu.com\/index.php\/wp-json\/wp\/v2\/product"}],"about":[{"href":"https:\/\/orlandoexpeditionperu.com\/index.php\/wp-json\/wp\/v2\/types\/product"}],"replies":[{"embeddable":true,"href":"https:\/\/orlandoexpeditionperu.com\/index.php\/wp-json\/wp\/v2\/comments?post=379"}],"wp:featuredmedia":[{"embeddable":true,"href":"https:\/\/orlandoexpeditionperu.com\/index.php\/wp-json\/wp\/v2\/media\/381"}],"wp:attachment":[{"href":"https:\/\/orlandoexpeditionperu.com\/index.php\/wp-json\/wp\/v2\/media?parent=379"}],"wp:term":[{"taxonomy":"product_cat","embeddable":true,"href":"https:\/\/orlandoexpeditionperu.com\/index.php\/wp-json\/wp\/v2\/product_cat?post=379"},{"taxonomy":"product_tag","embeddable":true,"href":"https:\/\/orlandoexpeditionperu.com\/index.php\/wp-json\/wp\/v2\/product_tag?post=379"}],"curies":[{"name":"wp","href":"https:\/\/api.w.org\/{rel}","templated":true}]}}